f l**2/2 + 158*l - 37. List the prime factors of g(10).
2, 3, 7
List the prime factors of 103 + ((-21)/(-7) - 8).
2, 7
Let y(i) be the first derivative of i**4/4 - 10*i**3/3 + i**2/2 - 12*i + 15. Let h be y(10). List the prime factors of h/6*(-348)/4.
29
Let m be ((-9)/6)/((-3 - -1)/4). Suppose 4*a - 13 = -5*j, 11 = -j + 5*j + m*a. Suppose -f - 49 = -3*w + 180, -j*f + 10 = 0. List the prime factors of w.
7, 11
Let m(c) = c**2 - 21*c - 3. Let g(t) = t**3 + 19*t**2 - 20*t + 24. Let v be g(-20). Let w be m(v). Suppose -w*a + 20 = -67*a. What are the prime factors of a?
2, 5
Suppose -12*g = -101473 + 443773. List the prime factors of 18/(-8) + 2 - g/100.
3, 5, 19
What are the prime factors of (-390)/78 + (6418 - 0)?
11, 53
Let x(o) = -564*o + 12. Let d be x(-10). Suppose 4*m + 8*m = d. List the prime factors of m.
3, 157
Let t(u) = u**3 - 12*u**2 - 14*u + 18. Let n = 15 + -2. Let v be t(n). Suppose -3*d - j - 3*j + 67 = 0, -v*j + 20 = 0. What are the prime factors of d?
17
Let m(a) = 7*a - 11. Let s = -85 + 87. Let w(q) = 8*q**2 - 12*q + 1. Let d be w(s). List the prime factors of m(d).
2, 13
Let n(f) = -f**3 - 49*f**2 + 122*f - 98. What are the prime factors of n(-53)?
2, 73
Let j(d) = 6*d**3 - d**2 - d + 9. Let b(t) = 13*t**3 - 3*t**2 - 3*t + 19. Let q = -31 + 29. Let a(p) = q*b(p) + 5*j(p). List the prime factors of a(3).
127
What are the prime factors of (-9*(-3)/54)/((-1)/31690*-5)?
3169
List the prime factors of (-227)/(6/(-5) + 916/780).
3, 13, 227
Suppose -5*c + 21251 = 4*p - 8292, 2*c - 11778 = 4*p. List the prime factors of c.
5903
Suppose 0*j + 2*j = g, 0 = -5*j + 4*g + 3. Let z be -6 + 4 + (-2 + 9)*j. List the prime factors of (-6 - z) + 69 + -1.
71
Let l(h) = -52*h + 280. Let g be l(13). Let q = 669 - g. List the prime factors of q.
3, 5, 71
Suppose 4*u - g = 17740, -4*u + 4*g = -0*g - 17728. What are the prime factors of u?
2, 1109
Suppose 5*x = -5*h + 200, 0 = 5*x + h - 256 + 72. Let i(b) = 80*b**2 + 4*b. Let o be i(1). Let p = x + o. What are the prime factors of p?
2, 3, 5
Let o(n) = 59*n**2 + 39*n + 1. Let k be o(5). Suppose 38*f - k = 913. What are the prime factors of f?
2, 17
Let l = -269 - -281. Let m(u) = 6*u - 20. What are the prime factors of m(l)?
2, 13
Suppose 388 = -s - 175. Let h = -121 - s. What are the prime factors of h?
2, 13, 17
Let p = -39 + 39. Suppose p = -4*t + 5*a - 38, -3*t - 8 - 7 = 3*a. Let o(w) = 3*w**2 - 2*w + 16. What are the prime factors of o(t)?
3, 59
Suppose o = -3*o. Let n = 50 - -47. Suppose o*s = -s + n. What are the prime factors of s?
97
Let i(h) = 39*h + 84. Let t be i(14). Suppose -2575 = -5*a + t. What are the prime factors of a?
641
Suppose -3*h - p = -h + 232, -2*h + 2*p = 238. Let z be (-3064)/(-18) - (-26)/h. Suppose -a - a = -4*v + z, 2*v = -5*a + 91. List the prime factors of v.
43
Let g(h) = -2*h**2 + 71*h - 17. Let y be 3 - 5 - (-3 + 3 + 93). Let x = y + 128. What are the prime factors of g(x)?
2, 37
Let w(t) = -831*t - 1357. List the prime factors of w(-5).
2, 1399
Suppose -2*j = 3*r - 26938 + 1544, -33852 = -4*r + 4*j. Suppose -5*v = -28*v + r. What are the prime factors of v?
2, 23
Let c(u) = 9*u - 71. Let m be c(0). Let o = -22 - m. List the prime factors of o.
7
Suppose 482*j = 489*j - 102284. What are the prime factors of j?
2, 13, 281
Let h be (6/(-8))/((-18)/72). Let d be (-2)/(1 + 8/(-7)). What are the prime factors of (13 + d)*h*1?
3
Suppose -8*w - 7*w + 479025 = 30*w. What are the prime factors of w?
5, 2129
Let v be ((-4)/(-6))/(26/(-1404))*-2. Suppose n = v + 3. What are the prime factors of n?
3, 5
Suppose 56*l = 11*l - 180. List the prime factors of (l - 2400)*(-1)/4.
601
Let p(m) = -2*m**3 - m**2 + 4*m - 3. Let g be p(1). Let r(v) = -38*v - 60. List the prime factors of r(g).
2
Let z be 1*2 + 3 + -3. Let m(x) = x**3 + 30*x**2 - 57*x + 217. Let g be m(-32). What are the prime factors of (((-287)/g)/(z/(-6)))/(-1)?
3, 41
Suppose -4*a - 31 = 3*q - 48, -5*q = -2*a + 15. Let c = 21 + -7. Suppose -c*g + 1737 = -a*g. List the prime factors of g.
193
Let s = 18005 + -8173. List the prime factors of s.
2, 1229
Suppose -2*h = -h - 173. Let l(i) = -15*i - 78. Let b be l(-7). Suppose -2*x = -h + b. What are the prime factors of x?
73
Let g = 137 - 133. Suppose -5*k + 7*k + g*z = 868, -z = -5*k + 2126. List the prime factors of k.
2, 3, 71
What are the prime factors of (3 - (-11 - 137156))/(-2 + 4)?
5, 11, 29, 43
What are the prime factors of (-1 + 4914 - -1) + (-294)/(-98)?
3, 11, 149
Let i = 315 - 79. List the prime factors of 6/48*-12*i/(-3).
2, 59
Let b = -46030 - -77615. List the prime factors of b.
5, 6317
Let y = -40 - -42. Suppose 47 = y*v + 49. Let t = v - -50. List the prime factors of t.
7
Let c be 12/15 - 114/5. Let l = c + 24. What are the prime factors of (l + -1)*(4 + -5 - -109)?
2, 3
Suppose -3*d - 3*p + 6 = -4*p, 8 = 4*d + 2*p. Suppose 3*s - d*r = 16969, -s + 5649 = -0*r + 3*r. What are the prime factors of s/55 + (-4)/(-22)?
103
Let c = -722 + 697. What are the prime factors of (-25)/(-1) + c/(100/24)?
19
Let o = -1646 - -3309. What are the prime factors of o?
1663
Suppose -8*y = -7*y + a - 56552, -5*y + 4*a + 282697 = 0. List the prime factors of y.
5, 43, 263
Suppose -10*u - 4662 = -1642. List the prime factors of (4/8)/((-1)/u) + 1.
2, 19
Let u = 219 - 57. Let s = u + -72. What are the prime factors of s?
2, 3, 5
Let y be (-5)/(5/3*(-3)/2). Suppose -y*x + 400 = -2*q, x + 4*q = 6*x - 1004. What are the prime factors of x?
2, 3, 17
Let w(a) = -4*a**3 + 6*a**2 + 5*a - 2. Let j be 13/26 - 9/2. Let p be w(j). Suppose 250 = 5*z - p. What are the prime factors of z?
2, 29
Suppose 5*w - 37 = 103. Let p be -2 + (-187)/(-2) + 5/10. Let v = p - w. What are the prime factors of v?
2
Suppose 5*t - 38 = -n + 2*t, 0 = 4*t. Suppose g - m - 86 = -3*g, 2*g - 3*m = n. List the prime factors of 1*181*(23 - g).
181
Suppose -2*a = y - 85858, -3*a + y + 11584 = -117203. List the prime factors of a.
42929
Let c(n) = 10*n**2 + 150 - 146 + 0*n**2 - n**3 + 0*n**3. Suppose -2*l + 2*g + 16 = 0, -4*g = -5*l + 68 - 26. List the prime factors of c(l).
2
Let a be 1/(-3)*243/(-27). Suppose 5*u = -a*s + 7*s - 889, 0 = 3*u + 3. List the prime factors of s.
13, 17
Let s be 4/(-2 - 6) - 87/2. Let a = 244 - s. Suppose a = 5*n - n. What are the prime factors of n?
2, 3
Suppose 225*k - 237*k + 61356 = 0. List the prime factors of k.
5113
Suppose -5*o - 6395 - 24050 = -3*y, 0 = -4*y + o + 40582. List the prime factors of y.
5, 2029
Suppose 6995 = -95*t + 248610 + 268725. What are the prime factors of t?
2, 17, 79
What are the prime factors of ((-56)/(-4) + -13852)/(-2)?
11, 17, 37
Suppose -p = 3*w - 2*w + 23, 4*w + 89 = -5*p. Let n = w + 28. What are the prime factors of ((3 - -176) + n)*(2 - 1)?
181
What are the prime factors of 9 + (7056 - (8 - -3))?
2, 3527
Let q(h) be the second derivative of 883*h**5/20 + 11*h**3/6 - 5*h**2 - 221*h. List the prime factors of q(1).
2, 13, 17
Let a(w) = 870*w**3 - 7*w**2 + 9*w + 18. List the prime factors of a(2).
2, 13, 67
Let w(u) = -5*u**3 + 12*u**2 - 9*u + 22. Let k be w(-10). List the prime factors of (8/12)/(16/k).
263
Let p(z) = 16*z**2 - 24*z - 7. Let i = -157 - -152. List the prime factors of p(i).
3, 19
Let k be 24/156 - 1029/13. Let j = -80 - k. Let d(p) = 82*p**2 + 3*p + 1. What are the prime factors of d(j)?
2, 5
Suppose 3*b + 2*z - 31289 = 0, 42591 = 4*b + 3*z + 873. What are the prime factors of b?
3, 19, 61
Suppose -6*p = -4*p - 16. Let b be (0 + -8)*(-302)/p. Suppose 5*y - 3*i = 375, -4*y = -i - i - b. What are the prime factors of y?
2, 3, 13
Let x = 29 - -6. Suppose -2*m - u - 2*u + 18 = 0, 0 = m + 2*u - 11. Suppose m*v + 4*j = 94, 4*j - x - 21 = -2*v. List the prime factors of v.
2, 19
Let g(c) be the third derivative of 0 + 7/30*c**5 + 1/24*c**4 - 31/6*c**3 - 11*c**2 + 0*c + 1/120*c**6. List the prime factors of g(-13).
5
Let h = -8 - -12. Suppose 152 = -5*p + h*l + 38, 2*p - l = -48. Let f = p - -70. List the prime factors of f.
2, 11
Let h(t) = 50*t**3 - 9*t**2 - 88*t + 550. List the prime factors of h(6).
2, 29, 181
Suppose a = -6, 61*o + 115583 = 66*o + 2*a. List the prime factors of o.
61, 379
Suppose 0 = 3*j + 3*i + 105294, -18*j = -15*j - i + 105306. List the prime factors of 1/8 - j/88.
3, 7, 19
Suppose -18*d = -224*d + 7170654. Li